{"id":1372,"date":"2025-04-10T00:18:07","date_gmt":"2025-04-10T03:18:07","guid":{"rendered":"https:\/\/solved.eco.br\/intranet\/?page_id=1372"},"modified":"2026-02-12T08:47:41","modified_gmt":"2026-02-12T11:47:41","slug":"saude","status":"publish","type":"page","link":"https:\/\/solved.eco.br\/intranet\/saude\/","title":{"rendered":"Sa\u00fade"},"content":{"rendered":"\t\t<div data-elementor-type=\"wp-page\" data-elementor-id=\"1372\" class=\"elementor elementor-1372\" data-elementor-post-type=\"page\">\n\t\t\t\t<div class=\"elementor-element elementor-element-1eebb924 e-con-full e-flex e-con e-parent\" data-id=\"1eebb924\" data-element_type=\"container\" data-settings=\"{&quot;background_background&quot;:&quot;classic&quot;}\">\n\t\t<div class=\"elementor-element elementor-element-42099e2d e-con-full e-flex e-con e-child\" data-id=\"42099e2d\" data-element_type=\"container\" data-settings=\"{&quot;background_background&quot;:&quot;classic&quot;}\">\n\t\t\t\t<\/div>\n\t\t<div class=\"elementor-element elementor-element-3e804dba e-con-full e-flex e-con e-child\" data-id=\"3e804dba\" data-element_type=\"container\" data-settings=\"{&quot;background_background&quot;:&quot;classic&quot;}\">\n\t\t\t\t<div class=\"elementor-element elementor-element-a86297a elementor-widget elementor-widget-heading\" data-id=\"a86297a\" data-element_type=\"widget\" data-widget_type=\"heading.default\">\n\t\t\t\t<div class=\"elementor-widget-container\">\n\t\t\t<h2 class=\"elementor-heading-title elementor-size-default\">Bem-vindo ao Programa de<\/h2>\t\t<\/div>\n\t\t\t\t<\/div>\n\t\t\t\t<div class=\"elementor-element elementor-element-79b805c6 elementor-widget elementor-widget-heading\" data-id=\"79b805c6\" data-element_type=\"widget\" data-widget_type=\"heading.default\">\n\t\t\t\t<div class=\"elementor-widget-container\">\n\t\t\t<h2 class=\"elementor-heading-title elementor-size-default\">SA\u00daDE<\/h2>\t\t<\/div>\n\t\t\t\t<\/div>\n\t\t\t\t<div class=\"elementor-element elementor-element-6ae3bd35 elementor-widget elementor-widget-text-editor\" data-id=\"6ae3bd35\" data-element_type=\"widget\" data-widget_type=\"text-editor.default\">\n\t\t\t\t<div class=\"elementor-widget-container\">\n\t\t\t\t\t\t\t<table>\n<tbody>\n<tr>\n<td>\n<p><b>O Programa de Sa\u00fade trabalha para fortalecer o sistema de sa\u00fade nas comunidades da Amaz\u00f4nia,<\/b><span style=\"font-weight: 400;\"> oferecendo teleconsultas m\u00e9dicas, diagn\u00f3sticos r\u00e1pidos e campanhas de educa\u00e7\u00e3o em sa\u00fade, para promover o bem-estar das popula\u00e7\u00f5es quilombolas, ind\u00edgenas e extrativistas.<\/span><\/p>\n<p>Estamos trabalhando para oferecer a telessa\u00fade a todas as comunidades aos poucos.<\/p>\n<\/td>\n<\/tr>\n<\/tbody>\n<\/table>\t\t\t\t\t\t<\/div>\n\t\t\t\t<\/div>\n\t\t\t\t<div class=\"elementor-element elementor-element-5164f5ef elementor-align-center elementor-widget elementor-widget-button\" data-id=\"5164f5ef\" data-element_type=\"widget\" data-widget_type=\"button.default\">\n\t\t\t\t<div class=\"elementor-widget-container\">\n\t\t\t\t\t\t\t\t<a class=\"elementor-button elementor-button-link elementor-size-lg elementor-animation-grow\" href=\"#telemedicina\">\n\t\t\t\t\t\t<span class=\"elementor-button-content-wrapper\">\n\t\t\t\t\t\t\t\t\t<span class=\"elementor-button-text\">Nossas iniciativas<\/span>\n\t\t\t\t\t<\/span>\n\t\t\t\t\t<\/a>\n\t\t\t\t\t\t<\/div>\n\t\t\t\t<\/div>\n\t\t\t\t<\/div>\n\t\t\t\t<\/div>\n\t\t<div class=\"elementor-element elementor-element-40b37dc4 e-flex e-con-boxed e-con e-parent\" data-id=\"40b37dc4\" data-element_type=\"container\" data-settings=\"{&quot;background_background&quot;:&quot;classic&quot;}\">\n\t\t\t\t\t<div class=\"e-con-inner\">\n\t\t<div class=\"elementor-element elementor-element-6cea6f4b e-con-full e-flex e-con e-child\" data-id=\"6cea6f4b\" data-element_type=\"container\">\n\t\t\t\t<div class=\"elementor-element elementor-element-5d91d9c9 animated-slow elementor-invisible elementor-widget elementor-widget-heading\" data-id=\"5d91d9c9\" data-element_type=\"widget\" data-settings=\"{&quot;_animation&quot;:&quot;slideInUp&quot;}\" data-widget_type=\"heading.default\">\n\t\t\t\t<div class=\"elementor-widget-container\">\n\t\t\t<h2 class=\"elementor-heading-title elementor-size-default\">Educa\u00e7\u00e3o em Sa\u00fade<\/h2>\t\t<\/div>\n\t\t\t\t<\/div>\n\t\t<div class=\"elementor-element elementor-element-1365cc75 e-con-full e-flex e-con e-child\" data-id=\"1365cc75\" data-element_type=\"container\">\n\t\t\t\t<div class=\"elementor-element elementor-element-32b74bc4 animated-slow elementor-invisible elementor-widget elementor-widget-heading\" data-id=\"32b74bc4\" data-element_type=\"widget\" data-settings=\"{&quot;_animation&quot;:&quot;slideInUp&quot;}\" data-widget_type=\"heading.default\">\n\t\t\t\t<div class=\"elementor-widget-container\">\n\t\t\t<h2 class=\"elementor-heading-title elementor-size-default\"><p><strong style=\"letter-spacing: 0px\">Toxoplasmose:<\/strong><span style=\"letter-spacing: 0px\"> \u00e9 uma doen\u00e7a causada por um parasita chamado <i>Toxoplasma gondii. <\/i><\/span><\/p>A toxoplasmose pode ser transmitido pelo <b>consumo de \u00e1gua ou alimentos contaminados<\/b>, carne crua ou malpassada e pelo <b>contato com fezes de gatos infectados.<\/b><br><br><p><span style=\"letter-spacing: 0px\">Para reduzir os riscos, \u00e9 importante <b>manter h\u00e1bitos de higiene adequados, como lavar bem as m\u00e3os antes das refei\u00e7\u00f5es e ap\u00f3s manusear alimentos crus.<\/b><\/span><\/p><p><span style=\"letter-spacing: 0px\"><b>Compartilhe essa mensagem com sua comunidade! <\/b><\/span><\/p><b><\/b><\/h2>\t\t<\/div>\n\t\t\t\t<\/div>\n\t\t\t\t<div class=\"elementor-element elementor-element-6ec88636 elementor-widget elementor-widget-image\" data-id=\"6ec88636\" data-element_type=\"widget\" data-widget_type=\"image.default\">\n\t\t\t\t<div class=\"elementor-widget-container\">\n\t\t\t\t\t\t\t\t\t\t\t\t\t<img fetchpriority=\"high\" decoding=\"async\" width=\"800\" height=\"534\" src=\"https:\/\/solved.eco.br\/intranet\/wp-content\/uploads\/2023\/08\/pexels-runffwpu-2470021-1024x683.jpg\" class=\"attachment-large size-large wp-image-634\" alt=\"\" srcset=\"https:\/\/solved.eco.br\/intranet\/wp-content\/uploads\/2023\/08\/pexels-runffwpu-2470021-1024x683.jpg 1024w, https:\/\/solved.eco.br\/intranet\/wp-content\/uploads\/2023\/08\/pexels-runffwpu-2470021-300x200.jpg 300w, https:\/\/solved.eco.br\/intranet\/wp-content\/uploads\/2023\/08\/pexels-runffwpu-2470021-768x512.jpg 768w, https:\/\/solved.eco.br\/intranet\/wp-content\/uploads\/2023\/08\/pexels-runffwpu-2470021-1536x1024.jpg 1536w, https:\/\/solved.eco.br\/intranet\/wp-content\/uploads\/2023\/08\/pexels-runffwpu-2470021-2048x1365.jpg 2048w\" sizes=\"(max-width: 800px) 100vw, 800px\" \/>\t\t\t\t\t\t\t\t\t\t\t\t\t<\/div>\n\t\t\t\t<\/div>\n\t\t\t\t<div class=\"elementor-element elementor-element-251089e3 animated-slow elementor-invisible elementor-widget elementor-widget-heading\" data-id=\"251089e3\" data-element_type=\"widget\" data-settings=\"{&quot;_animation&quot;:&quot;slideInUp&quot;}\" data-widget_type=\"heading.default\">\n\t\t\t\t<div class=\"elementor-widget-container\">\n\t\t\t<h2 class=\"elementor-heading-title elementor-size-default\"><b>\u00c1gua e Seguran\u00e7a Alimentar: <\/b><br>Apoia o acesso \u00e0 \u00e1gua pot\u00e1vel e alimenta\u00e7\u00e3o nutritiva. Disponibilizamos o <b>\"Caderno de receitas - Comidas que transformam\"<\/b> para sua comunidade acessar receitas saud\u00e1veis sem desperd\u00edcio.<\/h2>\t\t<\/div>\n\t\t\t\t<\/div>\n\t\t\t\t<div class=\"elementor-element elementor-element-32aba1 elementor-align-center elementor-widget elementor-widget-button\" data-id=\"32aba1\" data-element_type=\"widget\" data-widget_type=\"button.default\">\n\t\t\t\t<div class=\"elementor-widget-container\">\n\t\t\t\t\t\t\t\t<a class=\"elementor-button elementor-button-link elementor-size-sm\" href=\"https:\/\/drive.google.com\/file\/d\/1lBW4LbY9gwGjPULhrrP7fVpLSaa5caUR\/view?usp=sharing\">\n\t\t\t\t\t\t<span class=\"elementor-button-content-wrapper\">\n\t\t\t\t\t\t\t\t\t<span class=\"elementor-button-text\">BAIXE AQUI O CADERNO<\/span>\n\t\t\t\t\t<\/span>\n\t\t\t\t\t<\/a>\n\t\t\t\t\t\t<\/div>\n\t\t\t\t<\/div>\n\t\t\t\t<\/div>\n\t\t\t\t<\/div>\n\t\t\t\t<div class=\"elementor-element elementor-element-50356287 elementor-widget elementor-widget-image\" data-id=\"50356287\" data-element_type=\"widget\" data-widget_type=\"image.default\">\n\t\t\t\t<div class=\"elementor-widget-container\">\n\t\t\t\t\t\t\t\t\t\t\t\t\t<img decoding=\"async\" width=\"768\" height=\"960\" src=\"https:\/\/solved.eco.br\/intranet\/wp-content\/uploads\/2026\/02\/Card-1-1-768x960.png\" class=\"attachment-medium_large size-medium_large wp-image-1767\" alt=\"\" srcset=\"https:\/\/solved.eco.br\/intranet\/wp-content\/uploads\/2026\/02\/Card-1-1-768x960.png 768w, https:\/\/solved.eco.br\/intranet\/wp-content\/uploads\/2026\/02\/Card-1-1-240x300.png 240w, https:\/\/solved.eco.br\/intranet\/wp-content\/uploads\/2026\/02\/Card-1-1-819x1024.png 819w, https:\/\/solved.eco.br\/intranet\/wp-content\/uploads\/2026\/02\/Card-1-1.png 1080w\" sizes=\"(max-width: 768px) 100vw, 768px\" \/>\t\t\t\t\t\t\t\t\t\t\t\t\t<\/div>\n\t\t\t\t<\/div>\n\t\t\t\t\t<\/div>\n\t\t\t\t<\/div>\n\t\t<div class=\"elementor-element elementor-element-17084efe e-flex e-con-boxed e-con e-parent\" data-id=\"17084efe\" data-element_type=\"container\" id=\"telemedicina\" data-settings=\"{&quot;background_background&quot;:&quot;classic&quot;}\">\n\t\t\t\t\t<div class=\"e-con-inner\">\n\t\t<div class=\"elementor-element elementor-element-71b20731 e-con-full e-flex e-con e-child\" data-id=\"71b20731\" data-element_type=\"container\">\n\t\t\t\t<div class=\"elementor-element elementor-element-7fc92287 animated-slow elementor-invisible elementor-widget elementor-widget-heading\" data-id=\"7fc92287\" data-element_type=\"widget\" data-settings=\"{&quot;_animation&quot;:&quot;slideInUp&quot;}\" data-widget_type=\"heading.default\">\n\t\t\t\t<div class=\"elementor-widget-container\">\n\t\t\t<h2 class=\"elementor-heading-title elementor-size-default\">Telessa\u00fade<\/h2>\t\t<\/div>\n\t\t\t\t<\/div>\n\t\t\t\t<div class=\"elementor-element elementor-element-1e9c453e animated-slow elementor-invisible elementor-widget elementor-widget-heading\" data-id=\"1e9c453e\" data-element_type=\"widget\" data-settings=\"{&quot;_animation&quot;:&quot;slideInUp&quot;}\" data-widget_type=\"heading.default\">\n\t\t\t\t<div class=\"elementor-widget-container\">\n\t\t\t<h2 class=\"elementor-heading-title elementor-size-default\">Facilita teleconsultas e diagn\u00f3sticos atrav\u00e9s do Conex\u00e3o Sa\u00fade. Saiba mais sobre a teless\u00e1ude.<\/h2>\t\t<\/div>\n\t\t\t\t<\/div>\n\t\t\t\t<\/div>\n\t\t<div class=\"elementor-element elementor-element-7250c550 e-con-full e-flex e-con e-child\" data-id=\"7250c550\" data-element_type=\"container\" data-settings=\"{&quot;background_background&quot;:&quot;classic&quot;}\">\n\t\t<div class=\"elementor-element elementor-element-1b123bd1 e-con-full e-flex e-con e-child\" data-id=\"1b123bd1\" data-element_type=\"container\" data-settings=\"{&quot;background_background&quot;:&quot;classic&quot;}\">\n\t\t\t\t<div class=\"elementor-element elementor-element-261e14d1 elementor-widget elementor-widget-video\" data-id=\"261e14d1\" data-element_type=\"widget\" data-settings=\"{&quot;youtube_url&quot;:&quot;https:\\\/\\\/www.youtube.com\\\/watch?v=VhcItWF8zxk&quot;,&quot;video_type&quot;:&quot;youtube&quot;,&quot;controls&quot;:&quot;yes&quot;}\" data-widget_type=\"video.default\">\n\t\t\t\t<div class=\"elementor-widget-container\">\n\t\t\t\t\t<div class=\"elementor-wrapper elementor-open-inline\">\n\t\t\t<div class=\"elementor-video\"><\/div>\t\t<\/div>\n\t\t\t\t<\/div>\n\t\t\t\t<\/div>\n\t\t\t\t<div class=\"elementor-element elementor-element-62b542bd animated-slow elementor-invisible elementor-widget elementor-widget-heading\" data-id=\"62b542bd\" data-element_type=\"widget\" data-settings=\"{&quot;_animation&quot;:&quot;slideInUp&quot;}\" data-widget_type=\"heading.default\">\n\t\t\t\t<div class=\"elementor-widget-container\">\n\t\t\t<h2 class=\"elementor-heading-title elementor-size-default\">TELESSA\u00daDE<\/h2>\t\t<\/div>\n\t\t\t\t<\/div>\n\t\t\t\t<\/div>\n\t\t\t\t<\/div>\n\t\t\t\t\t<\/div>\n\t\t\t\t<\/div>\n\t\t<div class=\"elementor-element elementor-element-484dc0a6 e-con-full e-flex e-con e-parent\" data-id=\"484dc0a6\" data-element_type=\"container\" data-settings=\"{&quot;background_background&quot;:&quot;classic&quot;}\">\n\t\t<div class=\"elementor-element elementor-element-45ff632 e-con-full e-flex e-con e-child\" data-id=\"45ff632\" data-element_type=\"container\">\n\t\t\t\t<div class=\"elementor-element elementor-element-7185ed53 animated-slow elementor-invisible elementor-widget elementor-widget-heading\" data-id=\"7185ed53\" data-element_type=\"widget\" data-settings=\"{&quot;_animation&quot;:&quot;slideInUp&quot;}\" data-widget_type=\"heading.default\">\n\t\t\t\t<div class=\"elementor-widget-container\">\n\t\t\t<h2 class=\"elementor-heading-title elementor-size-default\">PARTICIPE!<\/h2>\t\t<\/div>\n\t\t\t\t<\/div>\n\t\t\t\t<div class=\"elementor-element elementor-element-4d76d613 animated-slow elementor-invisible elementor-widget elementor-widget-heading\" data-id=\"4d76d613\" data-element_type=\"widget\" data-settings=\"{&quot;_animation&quot;:&quot;slideInUp&quot;}\" data-widget_type=\"heading.default\">\n\t\t\t\t<div class=\"elementor-widget-container\">\n\t\t\t<h2 class=\"elementor-heading-title elementor-size-default\">Registre seu interesse no projeto preenchendo o formul\u00e1rio<\/h2>\t\t<\/div>\n\t\t\t\t<\/div>\n\t\t\t\t<div class=\"elementor-element elementor-element-19aebd85 elementor-align-left elementor-widget elementor-widget-button\" data-id=\"19aebd85\" data-element_type=\"widget\" data-widget_type=\"button.default\">\n\t\t\t\t<div class=\"elementor-widget-container\">\n\t\t\t\t\t\t\t\t<a class=\"elementor-button elementor-button-link elementor-size-lg elementor-animation-grow\" href=\"https:\/\/docs.google.com\/forms\/d\/e\/1FAIpQLSdqxJGldRtljdAHmmZ6r3ex4JDcMAW7Ko-c4LdPbcIe6osyaQ\/viewform\" target=\"_blank\">\n\t\t\t\t\t\t<span class=\"elementor-button-content-wrapper\">\n\t\t\t\t\t\t\t\t\t<span class=\"elementor-button-text\">Clique Aqui<\/span>\n\t\t\t\t\t<\/span>\n\t\t\t\t\t<\/a>\n\t\t\t\t\t\t<\/div>\n\t\t\t\t<\/div>\n\t\t\t\t<\/div>\n\t\t<div class=\"elementor-element elementor-element-3c5ffe55 e-con-full e-flex e-con e-child\" data-id=\"3c5ffe55\" data-element_type=\"container\">\n\t\t\t\t<div class=\"elementor-element elementor-element-8110433 elementor-widget__width-initial elementor-widget elementor-widget-image\" data-id=\"8110433\" data-element_type=\"widget\" data-widget_type=\"image.default\">\n\t\t\t\t<div class=\"elementor-widget-container\">\n\t\t\t\t\t\t\t\t\t\t\t\t\t<img decoding=\"async\" width=\"768\" height=\"768\" src=\"https:\/\/solved.eco.br\/intranet\/wp-content\/uploads\/2023\/08\/2-1.png\" class=\"attachment-large size-large wp-image-69\" alt=\"\" srcset=\"https:\/\/solved.eco.br\/intranet\/wp-content\/uploads\/2023\/08\/2-1.png 768w, https:\/\/solved.eco.br\/intranet\/wp-content\/uploads\/2023\/08\/2-1-300x300.png 300w, https:\/\/solved.eco.br\/intranet\/wp-content\/uploads\/2023\/08\/2-1-150x150.png 150w, https:\/\/solved.eco.br\/intranet\/wp-content\/uploads\/2023\/08\/elementor\/thumbs\/2-1.png 1000w\" sizes=\"(max-width: 768px) 100vw, 768px\" \/>\t\t\t\t\t\t\t\t\t\t\t\t\t<\/div>\n\t\t\t\t<\/div>\n\t\t\t\t<div class=\"elementor-element elementor-element-5a8f84d5 elementor-widget__width-initial elementor-widget elementor-widget-image\" data-id=\"5a8f84d5\" data-element_type=\"widget\" data-widget_type=\"image.default\">\n\t\t\t\t<div class=\"elementor-widget-container\">\n\t\t\t\t\t\t\t\t\t\t\t\t\t<img loading=\"lazy\" decoding=\"async\" width=\"800\" height=\"1000\" src=\"https:\/\/solved.eco.br\/intranet\/wp-content\/uploads\/2023\/08\/povos-500-\u00d7-250-px-500-\u00d7-1000-px-800-\u00d7-1000-px.png\" class=\"attachment-large size-large wp-image-79\" alt=\"\" srcset=\"https:\/\/solved.eco.br\/intranet\/wp-content\/uploads\/2023\/08\/povos-500-\u00d7-250-px-500-\u00d7-1000-px-800-\u00d7-1000-px.png 800w, https:\/\/solved.eco.br\/intranet\/wp-content\/uploads\/2023\/08\/povos-500-\u00d7-250-px-500-\u00d7-1000-px-800-\u00d7-1000-px-240x300.png 240w, https:\/\/solved.eco.br\/intranet\/wp-content\/uploads\/2023\/08\/povos-500-\u00d7-250-px-500-\u00d7-1000-px-800-\u00d7-1000-px-768x960.png 768w\" sizes=\"(max-width: 800px) 100vw, 800px\" \/>\t\t\t\t\t\t\t\t\t\t\t\t\t<\/div>\n\t\t\t\t<\/div>\n\t\t\t\t<\/div>\n\t\t\t\t<\/div>\n\t\t\t\t<\/div>\n\t\t","protected":false},"excerpt":{"rendered":"<p>Bem-vindo ao Programa de SA\u00daDE O Programa de Sa\u00fade trabalha para fortalecer o sistema de sa\u00fade nas comunidades da Amaz\u00f4nia, oferecendo teleconsultas m\u00e9dicas, diagn\u00f3sticos r\u00e1pidos e campanhas de educa\u00e7\u00e3o em sa\u00fade, para promover o bem-estar das popula\u00e7\u00f5es quilombolas, ind\u00edgenas e extrativistas. Estamos trabalhando para oferecer a telessa\u00fade a todas as comunidades aos poucos. Nossas iniciativas [&hellip;]<\/p>\n","protected":false},"author":1,"featured_media":0,"parent":0,"menu_order":0,"comment_status":"closed","ping_status":"closed","template":"","meta":{"inline_featured_image":false,"footnotes":""},"class_list":["post-1372","page","type-page","status-publish","hentry"],"_links":{"self":[{"href":"https:\/\/solved.eco.br\/intranet\/wp-json\/wp\/v2\/pages\/1372","targetHints":{"allow":["GET"]}}],"collection":[{"href":"https:\/\/solved.eco.br\/intranet\/wp-json\/wp\/v2\/pages"}],"about":[{"href":"https:\/\/solved.eco.br\/intranet\/wp-json\/wp\/v2\/types\/page"}],"author":[{"embeddable":true,"href":"https:\/\/solved.eco.br\/intranet\/wp-json\/wp\/v2\/users\/1"}],"replies":[{"embeddable":true,"href":"https:\/\/solved.eco.br\/intranet\/wp-json\/wp\/v2\/comments?post=1372"}],"version-history":[{"count":42,"href":"https:\/\/solved.eco.br\/intranet\/wp-json\/wp\/v2\/pages\/1372\/revisions"}],"predecessor-version":[{"id":1770,"href":"https:\/\/solved.eco.br\/intranet\/wp-json\/wp\/v2\/pages\/1372\/revisions\/1770"}],"wp:attachment":[{"href":"https:\/\/solved.eco.br\/intranet\/wp-json\/wp\/v2\/media?parent=1372"}],"curies":[{"name":"wp","href":"https:\/\/api.w.org\/{rel}","templated":true}]}}