{"id":21,"date":"2023-08-30T10:49:32","date_gmt":"2023-08-30T13:49:32","guid":{"rendered":"https:\/\/solved.eco.br\/intranet\/?page_id=21"},"modified":"2024-12-20T10:42:47","modified_gmt":"2024-12-20T13:42:47","slug":"educacao","status":"publish","type":"page","link":"https:\/\/solved.eco.br\/intranet\/educacao\/","title":{"rendered":"Educa\u00e7\u00e3o"},"content":{"rendered":"\t\t<div data-elementor-type=\"wp-page\" data-elementor-id=\"21\" class=\"elementor elementor-21\" data-elementor-post-type=\"page\">\n\t\t\t\t<div class=\"elementor-element elementor-element-6909b0f5 e-con-full e-flex e-con e-parent\" data-id=\"6909b0f5\" data-element_type=\"container\" data-settings=\"{&quot;background_background&quot;:&quot;classic&quot;}\">\n\t\t<div class=\"elementor-element elementor-element-696bbb07 e-con-full e-flex e-con e-child\" data-id=\"696bbb07\" data-element_type=\"container\" data-settings=\"{&quot;background_background&quot;:&quot;classic&quot;}\">\n\t\t\t\t<div class=\"elementor-element elementor-element-56537e32 elementor-widget elementor-widget-heading\" data-id=\"56537e32\" data-element_type=\"widget\" data-widget_type=\"heading.default\">\n\t\t\t\t<div class=\"elementor-widget-container\">\n\t\t\t<h2 class=\"elementor-heading-title elementor-size-default\">educa\u00e7\u00e3o<\/h2>\t\t<\/div>\n\t\t\t\t<\/div>\n\t\t\t\t<div class=\"elementor-element elementor-element-5fc4b188 elementor-widget elementor-widget-text-editor\" data-id=\"5fc4b188\" data-element_type=\"widget\" data-widget_type=\"text-editor.default\">\n\t\t\t\t<div class=\"elementor-widget-container\">\n\t\t\t\t\t\t\t<p>\u00a0<\/p><table><tbody><tr><td><p><b>Estamos juntos pela educa\u00e7\u00e3o<\/b><span style=\"font-weight: 400;\">! Neste programa, buscamos fortalecer a conex\u00e3o com a Educa\u00e7\u00e3o, promovendo Seguran\u00e7a Digital e Gest\u00e3o Pedag\u00f3gica atrav\u00e9s de cursos de capacita\u00e7\u00e3o, aul\u00f5es e materiais pedag\u00f3gicos. Conhe\u00e7a nossas iniciativas.<\/span><\/p><\/td><\/tr><\/tbody><\/table>\t\t\t\t\t\t<\/div>\n\t\t\t\t<\/div>\n\t\t\t\t<div class=\"elementor-element elementor-element-7b758bdf elementor-align-center elementor-widget elementor-widget-button\" data-id=\"7b758bdf\" data-element_type=\"widget\" data-widget_type=\"button.default\">\n\t\t\t\t<div class=\"elementor-widget-container\">\n\t\t\t\t\t\t\t\t<a class=\"elementor-button elementor-button-link elementor-size-lg elementor-animation-grow\" href=\"#CTA\">\n\t\t\t\t\t\t<span class=\"elementor-button-content-wrapper\">\n\t\t\t\t\t\t\t\t\t<span class=\"elementor-button-text\">Nossas Iniciativas<\/span>\n\t\t\t\t\t<\/span>\n\t\t\t\t\t<\/a>\n\t\t\t\t\t\t<\/div>\n\t\t\t\t<\/div>\n\t\t\t\t<\/div>\n\t\t<div class=\"elementor-element elementor-element-640621e0 e-con-full e-flex e-con e-child\" data-id=\"640621e0\" data-element_type=\"container\" data-settings=\"{&quot;background_background&quot;:&quot;classic&quot;}\">\n\t\t\t\t<\/div>\n\t\t\t\t<\/div>\n\t\t<div class=\"elementor-element elementor-element-6723210d e-con-full e-flex e-con e-parent\" data-id=\"6723210d\" data-element_type=\"container\" id=\"CTA\" data-settings=\"{&quot;background_background&quot;:&quot;classic&quot;}\">\n\t\t\t\t<div class=\"elementor-element elementor-element-5efbffeb elementor-widget elementor-widget-heading\" data-id=\"5efbffeb\" data-element_type=\"widget\" data-widget_type=\"heading.default\">\n\t\t\t\t<div class=\"elementor-widget-container\">\n\t\t\t<h2 class=\"elementor-heading-title elementor-size-default\">Sabedoria <br> Digital<\/h2>\t\t<\/div>\n\t\t\t\t<\/div>\n\t\t\t\t<div class=\"elementor-element elementor-element-7c1aa9bc elementor-widget elementor-widget-heading\" data-id=\"7c1aa9bc\" data-element_type=\"widget\" data-widget_type=\"heading.default\">\n\t\t\t\t<div class=\"elementor-widget-container\">\n\t\t\t<h2 class=\"elementor-heading-title elementor-size-default\">Curso voltado para facilitadores e comunit\u00e1rios, respons\u00e1veis por <br>cuidar dos dispositivos e garantir o uso seguro da internet. <\/h2>\t\t<\/div>\n\t\t\t\t<\/div>\n\t\t\t\t<div class=\"elementor-element elementor-element-354f474b elementor-align-center elementor-widget elementor-widget-button\" data-id=\"354f474b\" data-element_type=\"widget\" data-widget_type=\"button.default\">\n\t\t\t\t<div class=\"elementor-widget-container\">\n\t\t\t\t\t\t\t\t<a class=\"elementor-button elementor-button-link elementor-size-lg elementor-animation-grow\" href=\"https:\/\/forms.gle\/XgPKAsCSFbNXXtS66\">\n\t\t\t\t\t\t<span class=\"elementor-button-content-wrapper\">\n\t\t\t\t\t\t\t\t\t<span class=\"elementor-button-text\"> Inscreva-se aqui<\/span>\n\t\t\t\t\t<\/span>\n\t\t\t\t\t<\/a>\n\t\t\t\t\t\t<\/div>\n\t\t\t\t<\/div>\n\t\t\t\t<\/div>\n\t\t<div class=\"elementor-element elementor-element-2368fb43 e-flex e-con-boxed e-con e-parent\" data-id=\"2368fb43\" data-element_type=\"container\" data-settings=\"{&quot;background_background&quot;:&quot;gradient&quot;}\">\n\t\t\t\t\t<div class=\"e-con-inner\">\n\t\t<div class=\"elementor-element elementor-element-77dd2425 e-con-full e-flex e-con e-child\" data-id=\"77dd2425\" data-element_type=\"container\">\n\t\t\t\t<div class=\"elementor-element elementor-element-3b99780e animated-slow elementor-invisible elementor-widget elementor-widget-heading\" data-id=\"3b99780e\" data-element_type=\"widget\" data-settings=\"{&quot;_animation&quot;:&quot;slideInUp&quot;}\" data-widget_type=\"heading.default\">\n\t\t\t\t<div class=\"elementor-widget-container\">\n\t\t\t<h2 class=\"elementor-heading-title elementor-size-default\">Sabedoria digital +<\/h2>\t\t<\/div>\n\t\t\t\t<\/div>\n\t\t\t\t<div class=\"elementor-element elementor-element-47af8ad8 animated-slow elementor-invisible elementor-widget elementor-widget-heading\" data-id=\"47af8ad8\" data-element_type=\"widget\" data-settings=\"{&quot;_animation&quot;:&quot;slideInUp&quot;}\" data-widget_type=\"heading.default\">\n\t\t\t\t<div class=\"elementor-widget-container\">\n\t\t\t<h2 class=\"elementor-heading-title elementor-size-default\">Forma\u00e7\u00e3o opcional para facilitadores e comunit\u00e1rios j\u00e1 formados no Sabedoria Digital, com aprofundamento nos temas e desenvolvimento de projetos.\n<\/h2>\t\t<\/div>\n\t\t\t\t<\/div>\n\t\t\t\t<\/div>\n\t\t\t\t\t<\/div>\n\t\t\t\t<\/div>\n\t\t<div class=\"elementor-element elementor-element-4e2dae6b e-con-full e-flex e-con e-parent\" data-id=\"4e2dae6b\" data-element_type=\"container\" data-settings=\"{&quot;background_background&quot;:&quot;classic&quot;}\">\n\t\t<div class=\"elementor-element elementor-element-2639db54 e-con-full e-flex e-con e-child\" data-id=\"2639db54\" data-element_type=\"container\" data-settings=\"{&quot;background_background&quot;:&quot;slideshow&quot;,&quot;background_slideshow_gallery&quot;:[],&quot;background_slideshow_loop&quot;:&quot;yes&quot;,&quot;background_slideshow_slide_duration&quot;:5000,&quot;background_slideshow_slide_transition&quot;:&quot;fade&quot;,&quot;background_slideshow_transition_duration&quot;:500}\">\n\t\t\t\t<div class=\"elementor-element elementor-element-70ce2938 animated-slow elementor-invisible elementor-widget elementor-widget-heading\" data-id=\"70ce2938\" data-element_type=\"widget\" data-settings=\"{&quot;_animation&quot;:&quot;slideInUp&quot;}\" data-widget_type=\"heading.default\">\n\t\t\t\t<div class=\"elementor-widget-container\">\n\t\t\t<h2 class=\"elementor-heading-title elementor-size-default\">AUL\u00d5ES CONEX\u00c3O<\/h2>\t\t<\/div>\n\t\t\t\t<\/div>\n\t\t\t\t<div class=\"elementor-element elementor-element-1ae1e44a animated-slow elementor-invisible elementor-widget elementor-widget-heading\" data-id=\"1ae1e44a\" data-element_type=\"widget\" data-settings=\"{&quot;_animation&quot;:&quot;slideInUp&quot;}\" data-widget_type=\"heading.default\">\n\t\t\t\t<div class=\"elementor-widget-container\">\n\t\t\t<h2 class=\"elementor-heading-title elementor-size-default\">Aul\u00f5es abertos a todos os comunit\u00e1rios da rede que desejam aprender sobre temas espec\u00edficos. Convide todos aqueles que voc\u00ea conhece!<\/h2>\t\t<\/div>\n\t\t\t\t<\/div>\n\t\t\t\t<div class=\"elementor-element elementor-element-4f73e85 animated-slow elementor-invisible elementor-widget elementor-widget-heading\" data-id=\"4f73e85\" data-element_type=\"widget\" data-settings=\"{&quot;_animation&quot;:&quot;slideInUp&quot;}\" data-widget_type=\"heading.default\">\n\t\t\t\t<div class=\"elementor-widget-container\">\n\t\t\t<h2 class=\"elementor-heading-title elementor-size-default\"><b>Escolha os temas dos aul\u00f5es de 2025!<\/b>\n<\/h2>\t\t<\/div>\n\t\t\t\t<\/div>\n\t\t\t\t<div class=\"elementor-element elementor-element-44d2ba7b elementor-align-left elementor-widget elementor-widget-button\" data-id=\"44d2ba7b\" data-element_type=\"widget\" data-widget_type=\"button.default\">\n\t\t\t\t<div class=\"elementor-widget-container\">\n\t\t\t\t\t\t\t\t<a class=\"elementor-button elementor-button-link elementor-size-lg elementor-animation-grow\" href=\"https:\/\/forms.gle\/Q5MntpvzkMaETYQ18\">\n\t\t\t\t\t\t<span class=\"elementor-button-content-wrapper\">\n\t\t\t\t\t\t\t\t\t<span class=\"elementor-button-text\">Acesse o formul\u00e1rio de pesquisa<\/span>\n\t\t\t\t\t<\/span>\n\t\t\t\t\t<\/a>\n\t\t\t\t\t\t<\/div>\n\t\t\t\t<\/div>\n\t\t\t\t<\/div>\n\t\t<div class=\"elementor-element elementor-element-10d7c949 e-con-full e-flex e-con e-child\" data-id=\"10d7c949\" data-element_type=\"container\">\n\t\t\t\t<div class=\"elementor-element elementor-element-3feda5ce elementor-widget__width-initial elementor-widget elementor-widget-image\" data-id=\"3feda5ce\" data-element_type=\"widget\" data-widget_type=\"image.default\">\n\t\t\t\t<div class=\"elementor-widget-container\">\n\t\t\t\t\t\t\t\t\t\t\t\t\t<img fetchpriority=\"high\" decoding=\"async\" width=\"800\" height=\"800\" src=\"https:\/\/solved.eco.br\/intranet\/wp-content\/uploads\/2024\/11\/AULA7-18h-FotoFinal-2.webp\" class=\"attachment-large size-large wp-image-929\" alt=\"\" \/>\t\t\t\t\t\t\t\t\t\t\t\t\t<\/div>\n\t\t\t\t<\/div>\n\t\t\t\t<div class=\"elementor-element elementor-element-47778e6 elementor-widget__width-initial elementor-widget elementor-widget-image\" data-id=\"47778e6\" data-element_type=\"widget\" data-widget_type=\"image.default\">\n\t\t\t\t<div class=\"elementor-widget-container\">\n\t\t\t\t\t\t\t\t\t\t\t\t\t<img decoding=\"async\" width=\"800\" height=\"800\" src=\"https:\/\/solved.eco.br\/intranet\/wp-content\/uploads\/2024\/11\/povosdafloresta-099-1-1024x1024.webp\" class=\"attachment-large size-large wp-image-930\" alt=\"\" srcset=\"https:\/\/solved.eco.br\/intranet\/wp-content\/uploads\/2024\/11\/povosdafloresta-099-1-1024x1024.webp 1024w, https:\/\/solved.eco.br\/intranet\/wp-content\/uploads\/2024\/11\/povosdafloresta-099-1-300x300.webp 300w, https:\/\/solved.eco.br\/intranet\/wp-content\/uploads\/2024\/11\/povosdafloresta-099-1-150x150.webp 150w, https:\/\/solved.eco.br\/intranet\/wp-content\/uploads\/2024\/11\/povosdafloresta-099-1-768x768.webp 768w, https:\/\/solved.eco.br\/intranet\/wp-content\/uploads\/2024\/11\/povosdafloresta-099-1.webp 1380w\" sizes=\"(max-width: 800px) 100vw, 800px\" \/>\t\t\t\t\t\t\t\t\t\t\t\t\t<\/div>\n\t\t\t\t<\/div>\n\t\t\t\t<\/div>\n\t\t\t\t<\/div>\n\t\t<div class=\"elementor-element elementor-element-b6MSkxQ e-flex e-con-boxed e-con e-parent\" data-id=\"b6MSkxQ\" data-element_type=\"container\" data-settings=\"{&quot;background_background&quot;:&quot;classic&quot;}\">\n\t\t\t\t\t<div class=\"e-con-inner\">\n\t\t<div class=\"elementor-element elementor-element-Vaj8wap e-con-full e-flex e-con e-child\" data-id=\"Vaj8wap\" data-element_type=\"container\">\n\t\t\t\t<div class=\"elementor-element elementor-element-TOkUlqk elementor-widget elementor-widget-heading\" data-id=\"TOkUlqk\" data-element_type=\"widget\" data-widget_type=\"heading.default\">\n\t\t\t\t<div class=\"elementor-widget-container\">\n\t\t\t<h2 class=\"elementor-heading-title elementor-size-default\">Fique atento \u00e0s novidades do GT Educa\u00e7\u00e3o! Logo mais, teremos mais iniciativas para voc\u00ea!<\/h2>\t\t<\/div>\n\t\t\t\t<\/div>\n\t\t\t\t<\/div>\n\t\t\t\t\t<\/div>\n\t\t\t\t<\/div>\n\t\t\t\t<\/div>\n\t\t","protected":false},"excerpt":{"rendered":"<p>educa\u00e7\u00e3o \u00a0 Estamos juntos pela educa\u00e7\u00e3o! Neste programa, buscamos fortalecer a conex\u00e3o com a Educa\u00e7\u00e3o, promovendo Seguran\u00e7a Digital e Gest\u00e3o Pedag\u00f3gica atrav\u00e9s de cursos de capacita\u00e7\u00e3o, aul\u00f5es e materiais pedag\u00f3gicos. Conhe\u00e7a nossas iniciativas. Nossas Iniciativas Sabedoria Digital Curso voltado para facilitadores e comunit\u00e1rios, respons\u00e1veis por cuidar dos dispositivos e garantir o uso seguro da internet. [&hellip;]<\/p>\n","protected":false},"author":1,"featured_media":0,"parent":0,"menu_order":0,"comment_status":"closed","ping_status":"closed","template":"","meta":{"inline_featured_image":false,"footnotes":""},"class_list":["post-21","page","type-page","status-publish","hentry"],"_links":{"self":[{"href":"https:\/\/solved.eco.br\/intranet\/wp-json\/wp\/v2\/pages\/21","targetHints":{"allow":["GET"]}}],"collection":[{"href":"https:\/\/solved.eco.br\/intranet\/wp-json\/wp\/v2\/pages"}],"about":[{"href":"https:\/\/solved.eco.br\/intranet\/wp-json\/wp\/v2\/types\/page"}],"author":[{"embeddable":true,"href":"https:\/\/solved.eco.br\/intranet\/wp-json\/wp\/v2\/users\/1"}],"replies":[{"embeddable":true,"href":"https:\/\/solved.eco.br\/intranet\/wp-json\/wp\/v2\/comments?post=21"}],"version-history":[{"count":57,"href":"https:\/\/solved.eco.br\/intranet\/wp-json\/wp\/v2\/pages\/21\/revisions"}],"predecessor-version":[{"id":1136,"href":"https:\/\/solved.eco.br\/intranet\/wp-json\/wp\/v2\/pages\/21\/revisions\/1136"}],"wp:attachment":[{"href":"https:\/\/solved.eco.br\/intranet\/wp-json\/wp\/v2\/media?parent=21"}],"curies":[{"name":"wp","href":"https:\/\/api.w.org\/{rel}","templated":true}]}}